{"id":55,"date":"2016-02-15T16:34:44","date_gmt":"2016-02-15T15:34:44","guid":{"rendered":"http:\/\/www.stopviolence.ch\/previews\/?page_id=55"},"modified":"2026-03-03T12:03:55","modified_gmt":"2026-03-03T11:03:55","slug":"evenements","status":"publish","type":"page","link":"https:\/\/www.stopviolence.ch\/index.php\/evenements\/","title":{"rendered":"Nos \u00e9v\u00e8nements"},"content":{"rendered":"\n<p>ASSEMBLEE GENERALE 2026<\/p>\n<p>L&rsquo;assembl\u00e9e g\u00e9n\u00e9rale 2026 aura lieu le 26 mars \u00e0 l&rsquo;aul\u00e0 du Coll\u00e8ge du Sud \u00e0 Bulle \u00e0 18h30. Elle sera suivie, d\u00e8s 19h00, par une table ronde ouverte publique et gratuite traitant de l&rsquo;impact de la s\u00e9paration des parents sur les enfants. Les discussions seront anim\u00e9es par Martine Lachat Clerc, Directrice de Solidarit\u00e9 femmes. Seront pr\u00e9sent-e-s autour de la table pour en parler:<\/p>\n<ul>\n<li>Mme Ana\u00efs Brodard, Avocate, Sp\u00e9cialiste FSA en droit de la famille et en m\u00e9diation;<\/li>\n<li>Mme Chantal Valenzuela-Schwaller, Directrice de l&rsquo;Office familial;<\/li>\n<li>Mme Claudia Dey Gremaud, Pr\u00e9sidente du Tribunal de la Gruy\u00e8re;<\/li>\n<li>Mme Emilie Roulin, Cheffe de l&rsquo;Intake au SEJ;<\/li>\n<li>M. Mathieu Kilcher, Intervenant, EX-pression.<\/li>\n<\/ul>\n<p><a href=\"https:\/\/www.stopviolence.ch\/wp-content\/uploads\/2026\/03\/2026_flyerstopviolence_AG.png\" data-rel=\"lightbox-image-0\" data-rl_title=\"\" data-rl_caption=\"\" title=\"\"><img loading=\"lazy\" decoding=\"async\" class=\"wp-image-888 size-medium aligncenter\" src=\"https:\/\/www.stopviolence.ch\/wp-content\/uploads\/2026\/03\/2026_flyerstopviolence_AG-212x300.png\" alt=\"\" width=\"212\" height=\"300\" srcset=\"https:\/\/www.stopviolence.ch\/wp-content\/uploads\/2026\/03\/2026_flyerstopviolence_AG-212x300.png 212w, https:\/\/www.stopviolence.ch\/wp-content\/uploads\/2026\/03\/2026_flyerstopviolence_AG.png 641w\" sizes=\"auto, (max-width: 212px) 100vw, 212px\" \/><\/a><\/p>\n<p><a href=\"https:\/\/www.stopviolence.ch\/wp-content\/uploads\/2026\/03\/flyertable.pdf\">Vers le Flyer de pr\u00e9sentation<\/a><\/p>\n<p>\u00a0<\/p>\n\n\n\n<p>SEANCES DE COMITE<\/p>\n<p>Le comit\u00e9 Stop Violence si\u00e8ge 3 \u00e0 4 fois par ann\u00e9e. Lors de ces s\u00e9ances, il d\u00e9lib\u00e8re notamment au sujet les demandes de soutien.<\/p>\n<p>Dates des s\u00e9ances 2026\u00a0:<\/p>\n<ul>\n<li>27 F\u00e9vrier<\/li>\n<li>12 juin<\/li>\n<li>18 septembre<\/li>\n<li>27 novembre<\/li>\n<\/ul>\n<p>\u00a0<\/p>\n<p>\u00a0<\/p>\n\n\n\n<p>BIENVENUE A L&rsquo;ESPACE JEUNESSE DES FRANCOMANIAS<\/p>\n<p>L&rsquo;Espace jeunesse des Francomanias est le fruit d&rsquo;une partenariat entre Stop Violence en Gruy\u00e8re et le Service enfance-jeunesse de la Ville de Bulle. Il a pour objectifs de favoriser la cr\u00e9ation de liens entre jeunes issus de diff\u00e9rents milieux, de diffuser un message de pr\u00e9vention et de promouvoir de jeunes artistes locaux dans le cadre d&rsquo;un festival reconnu et pris\u00e9 de la jeunesse gru\u00e9rienne.<\/p>\n<p>Encadr\u00e9 par des travailleur-se-s sociaux-ales, l\u2019Espace Jeunesse propose un lieu d\u2019accueil bienveillant dans lequel sont th\u00e9matis\u00e9es les probl\u00e9matiques qui touchent les jeunes. Par leur pr\u00e9sence, les professionnel-le-s offrent une \u00e9coute attentive \u00e0 l\u2019intention du jeune public. \u00c0 cette occasion, une orientation de certains jeunes connaissant des difficult\u00e9s particuli\u00e8res peut \u00eatre effectu\u00e9e aupr\u00e8s de structures sp\u00e9cialis\u00e9es. Divers supports de pr\u00e9vention (flyers, vid\u00e9os) sont mis \u00e0 disposition et servent de pr\u00e9texte pour th\u00e9matiser les dangers et les risques auxquels la jeunesse peut \u00eatre expos\u00e9e.<\/p>\n<p><img loading=\"lazy\" decoding=\"async\" class=\" wp-image-821 aligncenter\" src=\"https:\/\/www.stopviolence.ch\/wp-content\/uploads\/2024\/07\/2024_site_stopviolence_francos-300x141.jpg\" alt=\"\" width=\"306\" height=\"144\" srcset=\"https:\/\/www.stopviolence.ch\/wp-content\/uploads\/2024\/07\/2024_site_stopviolence_francos-300x141.jpg 300w, https:\/\/www.stopviolence.ch\/wp-content\/uploads\/2024\/07\/2024_site_stopviolence_francos.jpg 616w\" sizes=\"auto, (max-width: 306px) 100vw, 306px\" \/><\/p>\n","protected":false},"excerpt":{"rendered":"<p>ASSEMBLEE GENERALE 2026 L&rsquo;assembl\u00e9e g\u00e9n\u00e9rale 2026 aura lieu le 26 mars \u00e0 l&rsquo;aul\u00e0 du Coll\u00e8ge du Sud \u00e0 Bulle \u00e0 18h30. Elle sera suivie, d\u00e8s 19h00, par une table ronde [&hellip;]<\/p>\n","protected":false},"author":1,"featured_media":0,"parent":0,"menu_order":0,"comment_status":"closed","ping_status":"closed","template":"page-private.php","meta":{"_acf_changed":false,"footnotes":""},"class_list":["post-55","page","type-page","status-publish","hentry"],"acf":[],"_links":{"self":[{"href":"https:\/\/www.stopviolence.ch\/index.php\/wp-json\/wp\/v2\/pages\/55","targetHints":{"allow":["GET"]}}],"collection":[{"href":"https:\/\/www.stopviolence.ch\/index.php\/wp-json\/wp\/v2\/pages"}],"about":[{"href":"https:\/\/www.stopviolence.ch\/index.php\/wp-json\/wp\/v2\/types\/page"}],"author":[{"embeddable":true,"href":"https:\/\/www.stopviolence.ch\/index.php\/wp-json\/wp\/v2\/users\/1"}],"replies":[{"embeddable":true,"href":"https:\/\/www.stopviolence.ch\/index.php\/wp-json\/wp\/v2\/comments?post=55"}],"version-history":[{"count":92,"href":"https:\/\/www.stopviolence.ch\/index.php\/wp-json\/wp\/v2\/pages\/55\/revisions"}],"predecessor-version":[{"id":900,"href":"https:\/\/www.stopviolence.ch\/index.php\/wp-json\/wp\/v2\/pages\/55\/revisions\/900"}],"wp:attachment":[{"href":"https:\/\/www.stopviolence.ch\/index.php\/wp-json\/wp\/v2\/media?parent=55"}],"curies":[{"name":"wp","href":"https:\/\/api.w.org\/{rel}","templated":true}]}}

Nos évènements

<p>ASSEMBLEE GENERALE 2026</p>
<p>L&rsquo;assemblée générale 2026 aura lieu le 26 mars à l&rsquo;aulà du Collège du Sud à Bulle à 18h30. Elle sera suivie, dès 19h00, par une table ronde ouverte publique et gratuite traitant de l&rsquo;impact de la séparation des parents sur les enfants. Les discussions seront animées par Martine Lachat Clerc, Directrice de Solidarité femmes. Seront présent-e-s autour de la table pour en parler:</p>
<ul>
<li>Mme Anaïs Brodard, Avocate, Spécialiste FSA en droit de la famille et en médiation;</li>
<li>Mme Chantal Valenzuela-Schwaller, Directrice de l&rsquo;Office familial;</li>
<li>Mme Claudia Dey Gremaud, Présidente du Tribunal de la Gruyère;</li>
<li>Mme Emilie Roulin, Cheffe de l&rsquo;Intake au SEJ;</li>
<li>M. Mathieu Kilcher, Intervenant, EX-pression.</li>
</ul>
<p><a href="https://www.stopviolence.ch/wp-content/uploads/2026/03/2026_flyerstopviolence_AG.png" data-rel="lightbox-image-0" data-rl_title="" data-rl_caption="" title=""><img loading="lazy" decoding="async" class="wp-image-888 size-medium aligncenter" src="https://www.stopviolence.ch/wp-content/uploads/2026/03/2026_flyerstopviolence_AG-212x300.png" alt="" width="212" height="300" srcset="https://www.stopviolence.ch/wp-content/uploads/2026/03/2026_flyerstopviolence_AG-212x300.png 212w, https://www.stopviolence.ch/wp-content/uploads/2026/03/2026_flyerstopviolence_AG.png 641w" sizes="auto, (max-width: 212px) 100vw, 212px" /></a></p>
<p><a href="https://www.stopviolence.ch/wp-content/uploads/2026/03/flyertable.pdf">Vers le Flyer de présentation</a></p>
<p> </p>



<p>SEANCES DE COMITE</p>
<p>Le comité Stop Violence siège 3 à 4 fois par année. Lors de ces séances, il délibère notamment au sujet les demandes de soutien.</p>
<p>Dates des séances 2026 :</p>
<ul>
<li>27 Février</li>
<li>12 juin</li>
<li>18 septembre</li>
<li>27 novembre</li>
</ul>
<p> </p>
<p> </p>



<p>BIENVENUE A L&rsquo;ESPACE JEUNESSE DES FRANCOMANIAS</p>
<p>L&rsquo;Espace jeunesse des Francomanias est le fruit d&rsquo;une partenariat entre Stop Violence en Gruyère et le Service enfance-jeunesse de la Ville de Bulle. Il a pour objectifs de favoriser la création de liens entre jeunes issus de différents milieux, de diffuser un message de prévention et de promouvoir de jeunes artistes locaux dans le cadre d&rsquo;un festival reconnu et prisé de la jeunesse gruérienne.</p>
<p>Encadré par des travailleur-se-s sociaux-ales, l’Espace Jeunesse propose un lieu d’accueil bienveillant dans lequel sont thématisées les problématiques qui touchent les jeunes. Par leur présence, les professionnel-le-s offrent une écoute attentive à l’intention du jeune public. À cette occasion, une orientation de certains jeunes connaissant des difficultés particulières peut être effectuée auprès de structures spécialisées. Divers supports de prévention (flyers, vidéos) sont mis à disposition et servent de prétexte pour thématiser les dangers et les risques auxquels la jeunesse peut être exposée.</p>
<p><img loading="lazy" decoding="async" class=" wp-image-821 aligncenter" src="https://www.stopviolence.ch/wp-content/uploads/2024/07/2024_site_stopviolence_francos-300x141.jpg" alt="" width="306" height="144" srcset="https://www.stopviolence.ch/wp-content/uploads/2024/07/2024_site_stopviolence_francos-300x141.jpg 300w, https://www.stopviolence.ch/wp-content/uploads/2024/07/2024_site_stopviolence_francos.jpg 616w" sizes="auto, (max-width: 306px) 100vw, 306px" /></p>

<p>ASSEMBLEE GENERALE 2026 L&rsquo;assemblée générale 2026 aura lieu le 26 mars à l&rsquo;aulà du Collège du Sud à Bulle à 18h30. Elle sera suivie, dès 19h00, par une table ronde [&hellip;]</p>
