{"id":755,"date":"2024-03-09T18:38:30","date_gmt":"2024-03-09T17:38:30","guid":{"rendered":"https:\/\/www.stopviolence.ch\/?page_id=755"},"modified":"2025-04-10T11:04:13","modified_gmt":"2025-04-10T10:04:13","slug":"soutien-aux-projets","status":"publish","type":"page","link":"https:\/\/www.stopviolence.ch\/index.php\/soutien-aux-projets\/","title":{"rendered":"Soutien aux projets"},"content":{"rendered":"\n<p>Dans les limites de ses possibilit\u00e9s, l\u2019association offre un soutien financier aux activit\u00e9s et projets de pr\u00e9vention ou de lutte contre la&nbsp;violence&nbsp;\u00e0 l\u2019\u00e9gard des enfants et des jeunes ou entre eux lorsque les crit\u00e8res suivants sont r\u00e9alis\u00e9s :<\/p>\n\n\n\n<p>Le projet ou l\u2019activit\u00e9 :<\/p>\n\n\n\n<ul class=\"wp-block-list\">\n<li>Est men\u00e9 en faveur des enfants et des jeunes en Gruy\u00e8re.<\/li>\n\n\n\n<li>A pour objectif de pr\u00e9venir toute forme de&nbsp;violence&nbsp;(physique, psychique ou sexuelle) \u00e0 l\u2019\u00e9gard des enfants et des jeunes.<\/li>\n\n\n\n<li>Permet de renforcer les comp\u00e9tences psychosociales et les ressources des enfants et des jeunes et\/ou celles des adultes qui les accompagnent pour faire face de mani\u00e8re ad\u00e9quate \u00e0 une&nbsp;violence&nbsp;subie ou constat\u00e9e.<\/li>\n\n\n\n<li>Favorise la prise de conscience des auteur-e-s potentiel-le-s.<\/li>\n\n\n\n<li>N\u2019a pas de but lucratif.<\/li>\n<\/ul>\n\n\n\n<div style=\"height:30px\" aria-hidden=\"true\" class=\"wp-block-spacer\"><\/div>\n\n\n\n<p><span style=\"color: #000000;\">Les demandes et dossiers de pr\u00e9sentation sont \u00e0 adresser \u00e0 la Pr\u00e9fecture de la Gruy\u00e8re par courrier \u00e9lectronique ou postal (voir adresse en pied de page)<\/span><\/p>\n\n\n\n<hr class=\"wp-block-separator has-text-color has-black-color has-alpha-channel-opacity has-black-background-color has-background is-style-default\"\/>\n\n\n\n<h3 class=\"wp-block-heading\">Les projets et associations que nous avons soutenus ces derni\u00e8res ann\u00e9es<\/h3>\n\n\n\n<div style=\"height:30px\" aria-hidden=\"true\" class=\"wp-block-spacer\"><\/div>\n\n\n\n<details class=\"wp-block-details is-layout-flow wp-block-details-is-layout-flow\"><summary>2024<\/summary>\n<ul class=\"wp-block-list\">\n<li>Solidarit\u00e9 Femmes &#8211; Projet RESSOURCES<\/li>\n\n\n\n<li>Espace jeunesse aux Francomanias<\/li>\n\n\n\n<li>Servir Ensemble &#8211; La F\u00eate du parc<\/li>\n\n\n\n<li>Bulle en Couleurs<\/li>\n\n\n\n<li>Festival des Soupes<\/li>\n<\/ul>\n<\/details>\n\n\n\n<details class=\"wp-block-details is-layout-flow wp-block-details-is-layout-flow\"><summary>2023<\/summary>\n<ul class=\"wp-block-list\">\n<li>Festival des Soupes<\/li>\n<\/ul>\n<\/details>\n\n\n\n<details class=\"wp-block-details is-layout-flow wp-block-details-is-layout-flow\"><summary>2022<\/summary>\n<ul class=\"wp-block-list\">\n<li>Armoire solidaire<\/li>\n\n\n\n<li>Culture en partage<\/li>\n\n\n\n<li>Festival des Soupes<\/li>\n<\/ul>\n<\/details>\n\n\n\n<details class=\"wp-block-details is-layout-flow wp-block-details-is-layout-flow\"><summary>2021<\/summary>\n<ul class=\"wp-block-list\">\n<li>Solidarit\u00e9s-Femmes Frauenhaus<\/li>\n\n\n\n<li>Solidaire en Gruy\u00e8re<\/li>\n\n\n\n<li>Association St-Bernard du Coeur<\/li>\n<\/ul>\n<\/details>\n\n\n\n<details class=\"wp-block-details is-layout-flow wp-block-details-is-layout-flow\"><summary>2020<\/summary>\n<ul class=\"wp-block-list\">\n<li>Association Lisanga<\/li>\n\n\n\n<li>Associations St-Bernard du Coeur<\/li>\n\n\n\n<li>Histoire sans faim<\/li>\n<\/ul>\n<\/details>\n\n\n\n<details class=\"wp-block-details is-layout-flow wp-block-details-is-layout-flow\"><summary>2019<\/summary>\n<ul class=\"wp-block-list\">\n<li>L\u2019Echo des droits de l\u2019enfants : <\/li>\n\n\n\n<li>Festival des soupes<\/li>\n\n\n\n<li>Jeune Chambre Internationale Gruy\u00e8re<\/li>\n<\/ul>\n<\/details>\n","protected":false},"excerpt":{"rendered":"<p>Dans les limites de ses possibilit\u00e9s, l\u2019association offre un soutien financier aux activit\u00e9s et projets de pr\u00e9vention ou de lutte contre la&nbsp;violence&nbsp;\u00e0 l\u2019\u00e9gard des enfants et des jeunes ou entre [&hellip;]<\/p>\n","protected":false},"author":1,"featured_media":600,"parent":0,"menu_order":0,"comment_status":"closed","ping_status":"closed","template":"","meta":{"_acf_changed":false,"footnotes":""},"class_list":["post-755","page","type-page","status-publish","has-post-thumbnail","hentry"],"acf":[],"_links":{"self":[{"href":"https:\/\/www.stopviolence.ch\/index.php\/wp-json\/wp\/v2\/pages\/755","targetHints":{"allow":["GET"]}}],"collection":[{"href":"https:\/\/www.stopviolence.ch\/index.php\/wp-json\/wp\/v2\/pages"}],"about":[{"href":"https:\/\/www.stopviolence.ch\/index.php\/wp-json\/wp\/v2\/types\/page"}],"author":[{"embeddable":true,"href":"https:\/\/www.stopviolence.ch\/index.php\/wp-json\/wp\/v2\/users\/1"}],"replies":[{"embeddable":true,"href":"https:\/\/www.stopviolence.ch\/index.php\/wp-json\/wp\/v2\/comments?post=755"}],"version-history":[{"count":15,"href":"https:\/\/www.stopviolence.ch\/index.php\/wp-json\/wp\/v2\/pages\/755\/revisions"}],"predecessor-version":[{"id":867,"href":"https:\/\/www.stopviolence.ch\/index.php\/wp-json\/wp\/v2\/pages\/755\/revisions\/867"}],"wp:featuredmedia":[{"embeddable":true,"href":"https:\/\/www.stopviolence.ch\/index.php\/wp-json\/wp\/v2\/media\/600"}],"wp:attachment":[{"href":"https:\/\/www.stopviolence.ch\/index.php\/wp-json\/wp\/v2\/media?parent=755"}],"curies":[{"name":"wp","href":"https:\/\/api.w.org\/{rel}","templated":true}]}}